{"id":127,"date":"2025-11-21T21:25:31","date_gmt":"2025-11-21T21:25:31","guid":{"rendered":"https:\/\/renanpolonia.com.br\/trip\/?page_id=127"},"modified":"2026-02-19T16:20:56","modified_gmt":"2026-02-19T16:20:56","slug":"passeios-com-guias","status":"publish","type":"page","link":"https:\/\/renanpolonia.com.br\/trip\/passeios-com-guias\/","title":{"rendered":"Passeios com guias"},"content":{"rendered":"\t\t<div data-elementor-type=\"wp-page\" data-elementor-id=\"127\" class=\"elementor elementor-127\" data-elementor-post-type=\"page\">\n\t\t\t\t<div class=\"elementor-element elementor-element-1566d9b e-con-full e-flex e-con e-parent\" data-id=\"1566d9b\" data-element_type=\"container\" data-e-type=\"container\" data-settings=\"{&quot;background_background&quot;:&quot;classic&quot;}\">\n\t\t\t\t<div class=\"elementor-element elementor-element-8179a2e elementor-widget elementor-widget-heading\" data-id=\"8179a2e\" data-element_type=\"widget\" data-e-type=\"widget\" data-widget_type=\"heading.default\">\n\t\t\t\t\t<h2 class=\"elementor-heading-title elementor-size-default\">Passeios com Guia<\/h2>\t\t\t\t<\/div>\n\t\t\t\t<\/div>\n\t\t<div class=\"elementor-element elementor-element-8c71960 e-flex e-con-boxed e-con e-parent\" data-id=\"8c71960\" data-element_type=\"container\" data-e-type=\"container\">\n\t\t\t\t\t<div class=\"e-con-inner\">\n\t\t<div class=\"elementor-element elementor-element-7531043 e-con-full e-flex e-con e-child\" data-id=\"7531043\" data-element_type=\"container\" data-e-type=\"container\" data-settings=\"{&quot;background_background&quot;:&quot;classic&quot;}\">\n\t\t<div class=\"elementor-element elementor-element-73ef90f e-con-full e-flex e-con e-child\" data-id=\"73ef90f\" data-element_type=\"container\" data-e-type=\"container\">\n\t\t\t\t<div class=\"elementor-element elementor-element-bbbaae5 elementor-widget__width-initial elementor-widget elementor-widget-heading\" data-id=\"bbbaae5\" data-element_type=\"widget\" data-e-type=\"widget\" data-widget_type=\"heading.default\">\n\t\t\t\t\t<h2 class=\"elementor-heading-title elementor-size-default\">Passeios tur\u00edsticos com um experiente guia local para os pontos tur\u00edsticos mais famosos da ilha.\nDeixe-nos ajud\u00e1-lo a tornar suas f\u00e9rias perfeitas e inesquec\u00edveis!<\/h2>\t\t\t\t<\/div>\n\t\t\t\t<\/div>\n\t\t\t\t<\/div>\n\t\t\t\t\t<\/div>\n\t\t\t\t<\/div>\n\t\t<div class=\"elementor-element elementor-element-c270cbd e-flex e-con-boxed e-con e-parent\" data-id=\"c270cbd\" data-element_type=\"container\" data-e-type=\"container\">\n\t\t\t\t\t<div class=\"e-con-inner\">\n\t\t<div class=\"elementor-element elementor-element-0c41858 e-con-full e-flex e-con e-child\" data-id=\"0c41858\" data-element_type=\"container\" data-e-type=\"container\">\n\t\t\t\t<div class=\"elementor-element elementor-element-fb30945 elementor-widget elementor-widget-text-editor\" data-id=\"fb30945\" data-element_type=\"widget\" data-e-type=\"widget\" data-widget_type=\"text-editor.default\">\n\t\t\t\t\t\t\t\t\t<p>Passeios tur\u00edsticos com guias locais experientes para os pontos tur\u00edsticos mais famosos da ilha. Explore lugares de belezas naturais de tirar o f\u00f4lego, como campos de arroz tradicionais, vulc\u00f5es, cachoeiras, cavernas e florestas sagradas, templos hindus centen\u00e1rios, praias paradis\u00edacas, etc. Enquanto voc\u00ea relaxa e desfruta das paisagens, a BASL, nosso parceiro acad\u00eamico, pode ajud\u00e1-lo com suas necessidades de escrita acad\u00eamica, garantindo que seu trabalho esteja sendo elaborado mesmo enquanto voc\u00ea aproveita suas f\u00e9rias. E experimente alguns dos melhores e mais tradicionais restaurantes e spas da ilha.<br \/>Solteiros, casais, fam\u00edlias e grandes grupos s\u00e3o todos bem-vindos!<\/p><p><br \/>Dispon\u00edvel a custo extra pacote de foto\/v\u00eddeo profissional para registrar todo o seu passeio.<br \/>Em sua pr\u00f3xima viagem \u00e0 Indon\u00e9sia, n\u00e3o perca o precioso tempo de suas f\u00e9rias, organize um tour especial com guia e conte com um servi\u00e7o personalizado para aproveitar ao m\u00e1ximo seu tempo na ilha.<br \/>Deixe-nos ajud\u00e1-lo a tornar as suas f\u00e9rias perfeitas e inesquec\u00edveis!<\/p>\t\t\t\t\t\t\t\t<\/div>\n\t\t\t\t<\/div>\n\t\t\t\t\t<\/div>\n\t\t\t\t<\/div>\n\t\t\t\t<\/div>\n\t\t","protected":false},"excerpt":{"rendered":"<p>Passeios com Guia Passeios tur\u00edsticos com um experiente guia local para os pontos tur\u00edsticos mais famosos da ilha. Deixe-nos ajud\u00e1-lo a tornar suas f\u00e9rias perfeitas e inesquec\u00edveis! Passeios tur\u00edsticos com guias locais experientes para os pontos tur\u00edsticos mais famosos da ilha. Explore lugares de belezas naturais de tirar o f\u00f4lego, como campos de arroz tradicionais, [&hellip;]<\/p>\n","protected":false},"author":1,"featured_media":0,"parent":0,"menu_order":0,"comment_status":"closed","ping_status":"closed","template":"","meta":{"_acf_changed":false,"footnotes":""},"class_list":["post-127","page","type-page","status-publish","hentry"],"acf":[],"_links":{"self":[{"href":"https:\/\/renanpolonia.com.br\/trip\/wp-json\/wp\/v2\/pages\/127","targetHints":{"allow":["GET"]}}],"collection":[{"href":"https:\/\/renanpolonia.com.br\/trip\/wp-json\/wp\/v2\/pages"}],"about":[{"href":"https:\/\/renanpolonia.com.br\/trip\/wp-json\/wp\/v2\/types\/page"}],"author":[{"embeddable":true,"href":"https:\/\/renanpolonia.com.br\/trip\/wp-json\/wp\/v2\/users\/1"}],"replies":[{"embeddable":true,"href":"https:\/\/renanpolonia.com.br\/trip\/wp-json\/wp\/v2\/comments?post=127"}],"version-history":[{"count":4,"href":"https:\/\/renanpolonia.com.br\/trip\/wp-json\/wp\/v2\/pages\/127\/revisions"}],"predecessor-version":[{"id":391,"href":"https:\/\/renanpolonia.com.br\/trip\/wp-json\/wp\/v2\/pages\/127\/revisions\/391"}],"wp:attachment":[{"href":"https:\/\/renanpolonia.com.br\/trip\/wp-json\/wp\/v2\/media?parent=127"}],"curies":[{"name":"wp","href":"https:\/\/api.w.org\/{rel}","templated":true}]}}